s divided by 41.
15
Let i = 79 - 76. Suppose i*r + 3 = 51. Calculate the remainder when 138 is divided by r.
10
Suppose 134 = f + 131, v - 30 = -f. What is the remainder when 29 is divided by v?
2
Suppose 379*f = 312*f + 37520. What is the remainder when f is divided by 24?
8
Suppose -2*y = -134 + 16. Let j(x) = 6*x**2 - 4. Suppose 18 = 9*g - 0. What is the remainder when y is divided by j(g)?
19
Suppose 166 + 95 = 3*n. Let x(d) = d**3 - 2*d**2 - 5*d + 8. Let c be x(4). Calculate the remainder when n is divided by c + (-3)/6*4.
15
Let k = 539 + -215. Let s(u) = 22*u + 172. Let q be s(-7). What is the remainder when 9/(k/(-8)) + 112/q is divided by 4?
2
Calculate the remainder when 8/(-10) + (-596544)/(-480) + -13 + 2 is divided by 44.
43
Suppose 3*v - 7 + 22 = 0. Let u be -3 - (7 + -2)/v. Calculate the remainder when 42 is divided by 15 - -2 - (u - -4).
12
Suppose 147 = 4*l + 5*w, -l + 41*w = 46*w - 48. What is the remainder when 322 is divided by l?
25
Let q = 14 - 11. Suppose q*w = -7*w - 40. Calculate the remainder when 93 is divided by w/((-16)/12) - (-1 + -10).
9
Let h = -589 - -821. What is the remainder when h is divided by 78?
76
Let b(s) = -s**2 - 17*s - 14. Let h be b(-4). Suppose 2*d = -0*d + 36. Calculate the remainder when 969/h*(-6)/(-9)*3 is divided by d.
15
Suppose 29833*y - 29826*y - 259 = 0. What is the remainder when 1403 is divided by y?
34
Let u = -8227 - -8233. What is the remainder when 411 is divided by u?
3
Let g(z) = z**3 - 27*z**2 - 105*z + 455. Calculate the remainder when 3094 is divided by g(30).
4
Suppose 59*s - 110*s - 91*s + 67450 = 0. What is the remainder when 1320 is divided by s?
370
Let p = -7044 - -7212. What is the remainder when p is divided by 2?
0
Let o = -13998 - -14667. What is the remainder when o is divided by 47?
11
Suppose -4*g + 393 = -3*f + 3000, -3484 = -4*f + 4*g. Calculate the remainder when f is divided by 147.
142
Let g(v) = 2*v**3 + 19*v**2 + 88*v - 5. Let h(n) = n**3 + 9*n**2 + 45*n - 3. Let o(r) = -4*g(r) + 7*h(r). Calculate the remainder when 15 is divided by o(-9).
7
Suppose -4*r + 4*j + 2 + 2 = 0, -2*j = -8. Suppose 3*m = -4*f + 18 + 16, f - r*m = 20. What is the remainder when 158 is divided by f?
8
Let z = 6101 + -5907. What is the remainder when z is divided by 100?
94
Let b = -120 + 126. Let u = -37 - b. Let f = u + 67. Calculate the remainder when f is divided by 10.
4
Suppose -25*q + 29*q = 32. Suppose -q*j + 11*j = 81. Calculate the remainder when 84 is divided by j.
3
Let l(o) = 2*o**2 - 7*o + 1. Suppose 8 = 2*r + 4. Let u be l(r). What is the remainder when 214 is divided by ((-6)/u)/(31/930)?
34
Suppose -7*z - 32*z + 30820 = 53*z. What is the remainder when z is divided by 322?
13
Let h(p) = -p**2 + 99*p - 1523. What is the remainder when 705 is divided by h(74)?
51
Suppose 3*o = 3*v - 354, 4*v - 133 - 354 = o. What is the remainder when v is divided by 36?
15
Suppose -346*t - 12702 = -492*t. What is the remainder when 520 is divided by t?
85
What is the remainder when 575 is divided by 9*6328/231 - 186/341?
83
Let z = -9808 - -9835. What is the remainder when 197 is divided by z?
8
Let d(s) = 6 + 2 - 5 - 37*s - 6*s**2 + 1. Let n be d(-6). Calculate the remainder when 17 is divided by n/2 + -1 + -4 + 4.
1
Let w(o) = 62*o - 521. Calculate the remainder when 2587 is divided by w(9).
34
Let z = -219 + 129. Suppose -92 = -8*h + 4*h. What is the remainder when (6 + -2)/((-4)/z) is divided by h?
21
Calculate the remainder when (-25 + (-1022)/(-42))*-114 is divided by (-2 - -17)*2 + 1.
14
Let y(i) = i + 15. Let j be y(-12). Suppose -39 - j = -2*g. Let o = 1192 + -1154. Calculate the remainder when o is divided by g.
17
Suppose 128695 = 219*g - 184*g. Calculate the remainder when g is divided by 10.
7
Let m(d) = -38*d**2 + d + 4. Let w be m(-2). Let y(l) = l**3 + 3*l**2 - 4*l + 4. Calculate the remainder when ((-28)/(-70))/((-2)/w) is divided by y(2).
14
Let q be ((-2)/5)/(3/(-1035)). Let o(j) = j**2 - 22*j - 116. Let b be o(27). Let w = q - b. Calculate the remainder when w is divided by 11.
9
Suppose t - 559 = -4*f, t = -5*f + 561 - 1. Suppose -4*p - 3*h - 1 + 64 = 0, 2*h + 42 = 2*p. Calculate the remainder when t is divided by p.
15
Calculate the remainder when 6968/41 - 574/(-11767) is divided by 48.
26
Let y = -200361 - -200371. Let g = 63 + 45. Suppose -3*q + g = 3. What is the remainder when q is divided by y?
5
Let m = -351 + 393. What is the remainder when 835 is divided by m?
37
Let r = 2321 - 2188. Suppose 3*z - 5*z + 8 = 0. Suppose 5*s = 4*j + r, -s + 4 + 13 = z*j. Calculate the remainder when 73 is divided by s.
23
Let c(h) = -13*h + 90. Suppose -2 + 11 = x - 2*q, -3*x - 4*q - 3 = 0. Calculate the remainder when 507 is divided by c(x).
48
Suppose 317 + 283 = 8*x. Calculate the remainder when x is divided by 24.
3
Let r = -985 - -1178. Let x = 149 - 84. What is the remainder when r is divided by x?
63
Let m be (-54)/(-15) - (72/(-30))/(-4). Calculate the remainder when 11 is divided by m - 3/12*4.
1
Let u be (598/130)/((-1)/10*-2). Suppose -14*k + 93 - u = 0. Suppose -2*r - 36 = -4*r. What is the remainder when r is divided by k?
3
Suppose 0 = -3*s + 3 - 0, 0 = -5*u + 5*s + 30. Let h(d) = -25 - 2*d + u*d + 53 - 55. What is the remainder when 63 is divided by h(8)?
11
Let u = 12888 - 11660. Calculate the remainder when u is divided by 112.
108
Suppose -356*o + 51716 = -328*o. Calculate the remainder when o is divided by 19.
4
Let g(v) = -70*v - 77. Let f be g(-2). Let k = -43 + f. What is the remainder when 177 is divided by k?
17
Let r(a) = -a**3 - a - 3. Suppose 5*y - 4*s - 1012 - 1432 = 0, 0 = -2*y + 2*s + 980. What is the remainder when y is divided by r(-3)?
25
Let p(b) = b**3 - 23*b**2 - 22*b - 55. Let w be p(24). What is the remainder when 217 is divided by ((-90)/315 - 30/w) + 15?
8
Suppose -3*u = l + 21, 2*u + 2*l = -u - 21. Let m(d) = -d**3 - 8*d**2 - 2*d + 13. Let r be m(u). Let j = r + 70. What is the remainder when j is divided by 17?
14
Suppose -189*q + 45 = -186*q. Calculate the remainder when 323 is divided by q.
8
Let q = 4174 + -4125. What is the remainder when 218 is divided by q?
22
Let m = -24 - -52. What is the remainder when 428/(-32)*-6*(-16)/(-12) is divided by m?
23
Suppose 0 = 256*b - 258*b + 4458. Suppose -l = -2*i - 7 - 29, -4*l + 2*i = -126. Calculate the remainder when 6/(-39) + -4*b/(-156) is divided by l.
27
Let s be 0 + (-9)/(-1)*(-3)/(-9). Suppose n - 6 = -2*f + 5*f, -6 = n + s*f. Suppose n = -h + 4*h - 30. Calculate the remainder when 16 is divided by h.
6
Let s(r) = -5*r**2 + 58*r - 69. What is the remainder when 965 is divided by s(10)?
8
Let m = 6 - 4. Suppose 12*x = -x + 572. Suppose -m*v - 4*i = -x, 0 = v + 2*v + 4*i - 64. Calculate the remainder when 56 is divided by v.
16
Let d = 10573 + -10566. Calculate the remainder when 2993 is divided by d.
4
Suppose 34*f - 29988 - 6577 = -37*f. What is the remainder when 1115 is divided by f?
85
Suppose 20 + 2 = 11*p. Let k be p + -3 + -1 + (-7 - -4). What is the remainder when k/((-2)/(-4)*(-3)/6) is divided by 8?
4
Let k(a) = 26*a - 182. Let j be k(7). Suppose j = -25*f + 23*f + 180. Calculate the remainder when f is divided by 23.
21
Let j(n) = -6*n**2 - 688*n - 398. What is the remainder when 1291 is divided by j(-114)?
15
Suppose 0 = -20*c - 15006 + 18986. What is the remainder when c is divided by 40?
39
Let a be 3/1 - (-92)/46. Let q(o) = -o**3 + 6*o**2 - 4. What is the remainder when 83 is divided by q(a)?
20
Let v(s) = -3*s**2 - s - 1. Let b(r) = -63*r**3 - 15*r**2 - 7*r - 8. Let t(p) = -b(p) + 6*v(p). What is the remainder when t(1) is divided by 13?
11
Let v = 7 + 0. Let u = -158 - -118. Let s = 8 - u. What is the remainder when s is divided by v?
6
Suppose -9*r = -12*r - 24, 252 = 2*v + 4*r. Let o = 96 - 23. Calculate the remainder when v is divided by o.
69
Let b = -5121 - -5167. Calculate the remainder when 109 is divided by b.
17
Let b(p) = p**3 + 9*p**2 + 8*p + 3. Let q be b(-8). Let g(t) = q - 2*t**2 + 3*t - t**2 + 5*t**2 - 5*t. What is the remainder when 52 is divided by g(4)?
25
Let q = 52 + -52. Suppose q = 4*x - 3*y - 43, 3*y + 5 = x - 8. Suppose x*n - 389 + 79 = 0. Calculate the remainder when n is divided by 18.
13
Suppose 3271 = 7*s + 2369 - 5055. Calculate th